 factors of x(-3)?
2, 19
Let u = -9 + 12. Suppose -u*l + 32 = l. What are the prime factors of l?
2
Let t be 8/(-6)*(-3 - 9). Suppose -s + t = -15. What are the prime factors of s?
31
Let m = 5 + 5. List the prime factors of m/40 - (-123)/4.
31
Suppose 9*h - 28 - 26 = 0. What are the prime factors of h?
2, 3
Suppose -5*y - 3*g - 6 - 13 = 0, 2*y - 11 = 5*g. Let l = y + 6. Suppose -3*m = -4*j - l, -3*j + 4 = -j. What are the prime factors of m?
2
Let h(i) = 3*i + 7. Let c = 8 + -1. Let z be h(c). Suppose -z = -s - s. What are the prime factors of s?
2, 7
Let o(y) = 6*y**2 + 2*y. List the prime factors of o(-2).
2, 5
Let z be 3/(-9)*12/(-1). Suppose i + z = 11. Let x(l) = -l**3 + 8*l**2 - 6*l. List the prime factors of x(i).
7
List the prime factors of (36/14)/((-3)/(-14)).
2, 3
Let l be -2 - (0 + -7 + 2). Suppose 0 = -q - 2 + l. List the prime factors of (-1 + -2 - -14)/q.
11
Suppose -3*i - 428 = -7*i. What are the prime factors of i?
107
Let i(f) = f**2 + 5*f + 2. What are the prime factors of i(-6)?
2
Let a = 189 + -150. List the prime factors of a.
3, 13
Let h be 21 - (-2 + (-1 - 0)). Suppose 3*c - h = c. List the prime factors of c.
2, 3
List the prime factors of (42 - (4 - 4)) + 1.
43
What are the prime factors of 77 + (-4)/(-12)*-3?
2, 19
Let a be (-5)/(-25) - (-424)/5. Suppose 4*y - 3*x = 59 + 40, 0 = -5*y - 4*x + a. List the prime factors of y.
3, 7
Let o(u) = -u**3 - 6*u**2 - 3*u - 7. Let q be o(-6). Suppose 4*d + d + n - 17 = 0, 5*n + q = -d. Suppose -1 = d*a - 21. List the prime factors of a.
5
Suppose -2*y - 11 - 5 = 0. Let l be 11*(1 + (1 - 3)). Let h = y - l. What are the prime factors of h?
3
Let a be (-2 - -5)/3*0. Suppose -5*h + 3*c = -120, a = -4*h - 2*c - 49 + 167. List the prime factors of h.
3
Suppose 3*m + 1 = -u, m + 4*u - 12 + 5 = 0. What are the prime factors of -1 - m - 42/(-3)?
2, 7
Suppose -t - 12 = 3*t. Let p = t - -34. What are the prime factors of p?
31
Let n(r) = -10*r**3 - 2*r**2 - 2*r - 1. Suppose p + u = 1, 3*p = 3*u - 2*u + 7. Suppose 4 = -2*x + p. List the prime factors of n(x).
3
Suppose 0 = -4*z + 2 + 62. Suppose -5*o = -135 - 10. Let t = o - z. What are the prime factors of t?
13
Let z be (1/(-1) - 2)/(-1). Suppose -z*d = -2 - 4. List the prime factors of ((-9)/(-12))/(d/16).
2, 3
Let k be (-48)/(-10)*(-20)/(-6). Let u = 5 - 5. Suppose u = 5*d - 2*t - 13, 4*d + 0*t + 4*t = k. List the prime factors of d.
3
Let v(s) = -s**3 + 2*s + 0*s**2 - 7 - 2 + 3*s - 6*s**2. Suppose 3*u + u = -28. What are the prime factors of v(u)?
5
Let p(z) = 4*z + 10. Let o be p(-9). Let l = o - -28. List the prime factors of l.
2
What are the prime factors of 28/5*(5 - (-4 - -4))?
2, 7
Let z(l) = 3*l. Let t be z(1). Suppose t*d - 20 = d. List the prime factors of d.
2, 5
Suppose -223 = -5*p + 437. Let t = p + -71. Suppose 10 - t = -3*j. List the prime factors of j.
17
Suppose 4*j = -2*d + 6*j + 202, d = -2*j + 107. List the prime factors of d.
103
Let v = 5 - 5. Suppose 0 = -v*r - 2*r. Suppose 7 = 4*y - 3*y - 5*a, r = 3*y + a - 21. What are the prime factors of y?
7
Let h(k) = -9*k. Let b be h(-1). Suppose 3*m - b = -0*m. Suppose -5*s = -3*s + m*l - 30, -2*s = -3*l - 18. List the prime factors of s.
2, 3
Let d(z) = -z**3 - 4*z**2 + 6*z + 7. Let w be d(-5). Suppose g - 12 = -w*g. What are the prime factors of (g/(-10))/(3/(-45))?
2, 3
List the prime factors of (-2910)/(-12) - 6/(-12).
3
Let c(n) = -n**3 - 2*n**2 + 6*n + 1. Suppose -2*g + 12 = -20. Suppose -3*f + 0*o - g = 4*o, -3*f - 7 = -5*o. List the prime factors of c(f).
3
Let s(f) = -f**2 + 3*f. Let t be s(3). Let k(b) = 0 - 2*b + 1 - 6 + t. What are the prime factors of k(-5)?
5
Let j(b) = -b**3 - 20*b**2 - 8*b - 15. List the prime factors of j(-20).
5, 29
Let u be 3 + 0/(3 - 2). Let o be u/(-2 + 7/2). Suppose 4*h - 5*c = o*h + 10, 5*h - 4*c = 25. What are the prime factors of h?
5
Let s be 4*(47/4 - 0). Suppose 41 = -4*x - s. What are the prime factors of x/(-2) + (-2 - 0)?
3
Suppose 3*k = 12 + 12. List the prime factors of k.
2
Suppose 2*z + f = 8, 0*z - 4*z - f = -12. Suppose 2 + 1 = 3*t, z*t = 3*i - 19. List the prime factors of i.
7
What are the prime factors of (-4 + (-33)/(-9))*(3 + -540)?
179
Let n(b) = b**3 + 5*b**2 + 6*b + 1. Let f be n(-4). Let k = 13 + f. Suppose -v - c = -2, -4*v = -k*v - 4*c - 2. List the prime factors of v.
5
Suppose 36 = -2*z + 5*z. Suppose -3*h + z = -9. What are the prime factors of h?
7
Suppose -3*x + 49 + 11 = 0. List the prime factors of x.
2, 5
Let o = 3 + 2. Suppose -o*y + 2*y + 240 = 0. Suppose -a + 6*a = y. List the prime factors of a.
2
Suppose q + q - 28 = 4*a, 5*a + 15 = 0. What are the prime factors of q?
2
Let y be (2*10)/2 + -2. Let l = 10 + y. What are the prime factors of l?
2, 3
Let u(y) = 85*y + 3. What are the prime factors of u(2)?
173
Let t(b) = -b**2 + 2*b + 5*b**2 + 4 - 4 + 1. List the prime factors of t(-2).
13
Let v be (-2)/(-13) - (-102)/13. Suppose -l = -v + 2. List the prime factors of l.
2, 3
Let x = 21 - 1. Suppose -4*f + 100 = -x. What are the prime factors of f?
2, 3, 5
Suppose 2*k = -5*o + 149, 2*k = 3*k + 3. Suppose c - o = 5. Suppose -4*t + 6*t = c. List the prime factors of t.
2, 3
What are the prime factors of ((-72)/(-7))/((-78)/(-1456))?
2, 3
Let r = 44 + -24. Suppose f - 19 = 3*g, 6*g + r = 2*g. What are the prime factors of f?
2
Let s(f) = f**2 + 3*f - 2. Suppose 10 - 35 = 5*c. Let p be s(c). Let j = p - -1. What are the prime factors of j?
3
List the prime factors of (22/(-4))/(1/(-2)).
11
Suppose -32*x = -34*x + 98. List the prime factors of x.
7
Let o(w) = 30*w. Let k be (1/(-2))/((-18)/36). What are the prime factors of o(k)?
2, 3, 5
Let n(u) = u**2 - 5*u - 2. What are the prime factors of n(8)?
2, 11
Suppose -5*w = -2*t + 55, 3*t - 166 = -w - 58. List the prime factors of t.
5, 7
Suppose 2*q - 64 = -2*g, 3*g - g + 4*q = 56. List the prime factors of g.
2, 3
Let y(b) = 29*b**3 - 2*b**2 + b + 1. What are the prime factors of y(2)?
227
Suppose -2*z - 2*z + 12 = -f, -z - 3*f = -16. What are the prime factors of z?
2
Suppose 0 = -4*l + 2 + 14. Suppose 4*m - l*r - 25 - 79 = 0, 2*r - 6 = 0. What are the prime factors of m?
29
Suppose 3*w - w = 408. Let m = -2 - -5. What are the prime factors of w/16 - m/4?
2, 3
Suppose 848 = 8*o - 168. What are the prime factors of o?
127
Suppose 39*z - 3024 = 30*z. What are the prime factors of z?
2, 3, 7
Let k = 7 - 5. Suppose -k*b - b = -63. What are the prime factors of b?
3, 7
Suppose 3*m = -3*f + 21, -2*m = 3*f - 15 - 2. Suppose -4*c = -s + 6*s - 59, 4*s + 32 = 4*c. Suppose 0 = 2*p - f*p + c. List the prime factors of p.
11
Let x = -8 + 10. List the prime factors of x*(3 + 0 + 0).
2, 3
Suppose -8 = -2*b - 0*b. Suppose 0 = b*m + 2 - 10. Suppose m*h + 5*a + 11 = 0, 4*h - 36 = h + 3*a. What are the prime factors of h?
7
Let y be (0 - (-1)/(-1)) + -2. List the prime factors of 2 + (0/1)/y.
2
What are the prime factors of (168/140)/((-4)/(-210))?
3, 7
Let k = -55 - -103. List the prime factors of k.
2, 3
Let t = 84 + 31. What are the prime factors of t?
5, 23
Let m = 27 - 18. Suppose 5*d = 5*f + 65, 2*d + f = 32 - m. Suppose d = 3*r - 2*r. List the prime factors of r.
2, 3
List the prime factors of (17/(-34))/(1/(-48)).
2, 3
Let s = -3 + 8. Suppose -5*h + 12 = 5*q - q, s*q - 15 = -3*h. List the prime factors of q.
3
Let j(u) = u. Let c(f) = f**3 - 7*f**2 + 4*f - 9. Let x(t) = c(t) - 3*j(t). Let a be x(7). What are the prime factors of 10 - a*1/1?
2, 3
Suppose 3*f = -4*q + 36 + 26, 3*q - 57 = 3*f. Suppose -5*u + k = -19, -u = 6*k - k + q. Suppose u*v + 0*v - 12 = 0. List the prime factors of v.
2
Let q = -7 + 7. Let w(h) = 4 + 5*h + q - 4*h. List the prime factors of w(8).
2, 3
Let g(n) = n**2 - n - 4. Let w be g(-3). Let u = w + -1. List the prime factors of u.
7
Let m(g) = -29*g + 4. List the prime factors of m(-2).
2, 31
Let p = -11 + 22. Suppose -v = -p - 0. List the prime factors of v.
11
Suppose 0 = -2*b + f + 16, -3*b + 7 = -4*f - 12. What are the prime factors of b?
3
Let q(d) be the second derivative of d**4/12 - d**3/2 + 3*d**2/2 - 2*d. Let i(t) = -t**3 - 5*t**2 - 2*t - 7. Let u be i(-5). What are the prime factors of q(u)?
3
Let t be 74/(-9) - (-6)/27. Let q be (4/(-8))/(2/t). List the prime factors of q + (-2)/(-4 + 2).
3
Let y = -2 - -13. Suppose -4 = 3*